1816487 is divided by 453899?
891
Calculate the remainder when 64034278 is divided by 216.
214
What is the remainder when 1267041 is divided by 39592?
97
What is the remainder when 61025 is divided by 6634?
1319
What is the remainder when 29417 is divided by 2206?
739
Calculate the remainder when 33388407 is divided by 265.
262
Calculate the remainder when 13591443 is divided by 4530479.
6
Calculate the remainder when 4032841 is divided by 372.
361
What is the remainder when 1880115 is divided by 626628?
231
What is the remainder when 30346365 is divided by 128?
125
Calculate the remainder when 630618 is divided by 42038.
48
What is the remainder when 676494 is divided by 676461?
33
What is the remainder when 10141 is divided by 10022?
119
What is the remainder when 569070 is divided by 142255?
50
Calculate the remainder when 4199345 is divided by 19263.
11
Calculate the remainder when 532507 is divided by 2514.
2053
Calculate the remainder when 10768339 is divided by 55.
54
Calculate the remainder when 730759425 is divided by 252.
249
What is the remainder when 9658351 is divided by 68988?
31
What is the remainder when 91186 is divided by 30186?
628
Calculate the remainder when 411000 is divided by 1000.
0
Calculate the remainder when 256511 is divided by 21374.
23
What is the remainder when 5933954 is divided by 46359?
2
Calculate the remainder when 6909242 is divided by 191.
8
What is the remainder when 503841 is divided by 503408?
433
Calculate the remainder when 8362597 is divided by 169.
139
What is the remainder when 94508517 is divided by 13?
12
Calculate the remainder when 3032945 is divided by 18.
17
What is the remainder when 369352 is divided by 5366?
4464
What is the remainder when 143524369 is divided by 517?
516
What is the remainder when 2350659 is divided by 165?
69
What is the remainder when 38108 is divided by 36593?
1515
What is the remainder when 535702 is divided by 33?
13
What is the remainder when 11513221 is divided by 1918870?
1
What is the remainder when 47122 is divided by 2871?
1186
What is the remainder when 15350841 is divided by 15?
6
What is the remainder when 53986 is divided by 881?
245
What is the remainder when 39427931 is divided by 114?
5
What is the remainder when 15318995 is divided by 5998?
103
Calculate the remainder when 77282 is divided by 19320.
2
What is the remainder when 13430750 is divided by 420?
410
What is the remainder when 84832 is divided by 3521?
328
What is the remainder when 85631 is divided by 85561?
70
Calculate the remainder when 2326929 is divided by 1043.
1039
What is the remainder when 4105278 is divided by 586465?
23
Calculate the remainder when 948435 is divided by 189675.
60
Calculate the remainder when 6490588 is divided by 6490299.
289
What is the remainder when 926833 is divided by 8312?
4201
What is the remainder when 13079082 is divided by 10854?
12
What is the remainder when 951677 is divided by 118915?
357
Calculate the remainder when 502237 is divided by 983.
907
Calculate the remainder when 199024 is divided by 3319.
3203
Calculate the remainder when 4643704 is divided by 466.
14
What is the remainder when 25811540 is divided by 487010?
10
What is the remainder when 2278 is divided by 700?
178
Calculate the remainder when 232069 is divided by 4369.
512
Calculate the remainder when 2905311 is divided by 363163.
7
What is the remainder when 617406 is divided by 480?
126
What is the remainder when 9871133 is divided by 5245?
43
What is the remainder when 29688011 is divided by 22732?
19
What is the remainder when 3792783 is divided by 68958?
93
Calculate the remainder when 17800268 is divided by 8900122.
24
Calculate the remainder when 15286651 is divided by 1207.
1203
Calculate the remainder when 789965 is divided by 4915.
3565
What is the remainder when 184164150 is divided by 32?
22
Calculate the remainder when 13567 is divided by 519.
73
Calculate the remainder when 191586 is divided by 11934.
642
Calculate the remainder when 650811 is divided by 15873.
18
Calculate the remainder when 35427657 is divided by 5485.
42
What is the remainder when 32342335 is divided by 54?
7
What is the remainder when 1704569 is divided by 154958?
31
Calculate the remainder when 7028486 is divided by 458.
18
Calculate the remainder when 122536 is divided by 3922.
954
What is the remainder when 18785 is divided by 3046?
509
Calculate the remainder when 561293132 is divided by 173.
168
What is the remainder when 592848 is divided by 37?
34
Calculate the remainder when 108662 is divided by 8833.
2666
Calculate the remainder when 413954 is divided by 34496.
2
Calculate the remainder when 72866860 is divided by 34.
32
What is the remainder when 144058 is divided by 1107?
148
Calculate the remainder when 858582 is divided by 11.
10
Calculate the remainder when 504156 is divided by 7089.
837
Calculate the remainder when 12893452 is divided by 138.
112
Calculate the remainder when 339906 is divided by 30898.
28
What is the remainder when 3974262 is divided by 57?
51
What is the remainder when 29889 is divided by 2299?
2
What is the remainder when 28284569 is divided by 134050?
19
What is the remainder when 10519191 is divided by 5?
1
Calculate the remainder when 58721 is divided by 419.
61
Calculate the remainder when 1868671 is divided by 92.
59
What is the remainder when 461292 is divided by 5843?
5538
Calculate the remainder when 18033 is divided by 2894.
669
Calculate the remainder when 2923381 is divided by 6425.
6
What is the remainder when 5125580 is divided by 11569?
513
Calculate the remainder when 39275519 is divided by 384.
383
What is the remainder when 112432 is divided by 56211?
10
Calculate the remainder when 78033 is divided by 37863.
2307
Calculate the remainder when 19804 is divided by 8966.
1872
Calculate the remainder when 51341 is divided by 6039.
3029
What is the remainder when 64090577 is divided by 6?
5
Calculate the remainder when 11448 is divided by 10316.
1132
What is the remainder when 99953917 is divided by 2126679?
4
What is the remainder when 540469 is divided by 270094?
281
What is the remainder when 11338556 is divided by 1395?
1391
What is the remainder when 917983 is divided by 2435?
2423
What is the remainder when 8490022 is divided by 1806?
16
What is the remainder when 158804 is divided by 37186?
10060
Calculate the remainder when 1237362 is divided by 9661.
754
What is the remainder when 303756040 is divided by 135424?
8
What is the remainder when 24285 is divided by 1206?
165
Calculate the remainder when 146168 is divided by 5216.
120
What is the remainder when 2096619 is divided by 18?
15
Calculate the remainder when 1934467 is divided by 483612.
19
What is the remainder when 1482650467 is divided by 587?
584
What is the remainder when 865327 is divided by 652?
123
What is the remainder when 668003 is divided by 294?
35
Calculate the remainder when 6176325 is divided by 1544079.
9
Calculate the remainder when 362877 is divided by 864.
861
What is the remainder when 4336743 is divided by 32?
7
Calculate the remainder when 353729 is divided by 353634.
95
Calculate the remainder when 383794 is divided by 42.
40
Calculate the remainder when 8121484 is divided by 476.
448
What is the remainder when 2516329 is divided by 318?
313
Calculate the remainder when 19118809 is divided by 571.
16
What is the remainder when 7833509 is divided by 285?
284
Calculate the remainder when 50935 is divided by 837.
715
What is the remainder when 10454247 is divided by 517?
507
What is the remainder when 1193736875 is divided by 2946?
2945
Calculate the remainder when 157445432 is divided by 755.
752
What is the remainder when 144348504 is divided by 12?
0
What is the remainder when 787258 is divided by 786989?
269
What is the remainder when 24917097 is divided by 4983405?
72
Calculate the remainder when 11703804 is divided by 9003.
8907
Calculate the remainder when 20558091 is divided by 6852695.
6
Calculate the remainder when 84381 is divided by 6965.
801
Calculate the remainder when 862 is divided by 583.
279
What is the remainder when 1018517 is divided by 4297?
128
What is the remainder when 709844 is divided by 6901?
5942
Calculate the remainder when 59431827 is divid